s the units digit of 62280?
0
What is the tens digit of 17935?
3
What is the units digit of 1388?
8
What is the units digit of 6162?
2
What is the tens digit of 115868?
6
What is the hundreds digit of 35612?
6
What is the tens digit of 22682?
8
What is the units digit of 1921?
1
What is the tens digit of 5587?
8
What is the tens digit of 180?
8
What is the thousands digit of 1548?
1
What is the tens digit of 3115?
1
What is the ten thousands digit of 73521?
7
What is the tens digit of 33161?
6
What is the tens digit of 44613?
1
What is the hundreds digit of 1244?
2
What is the hundreds digit of 11676?
6
What is the tens digit of 453?
5
What is the tens digit of 1921?
2
What is the tens digit of 71?
7
What is the units digit of 13335?
5
What is the units digit of 17306?
6
What is the hundreds digit of 35310?
3
What is the tens digit of 27271?
7
What is the hundred thousands digit of 131390?
1
What is the thousands digit of 2736?
2
What is the hundreds digit of 79843?
8
What is the units digit of 263?
3
What is the tens digit of 10749?
4
What is the hundreds digit of 7963?
9
What is the hundreds digit of 103890?
8
What is the tens digit of 674?
7
What is the hundreds digit of 788?
7
What is the units digit of 8509?
9
What is the units digit of 36337?
7
What is the hundred thousands digit of 108074?
1
What is the hundreds digit of 4451?
4
What is the units digit of 6104?
4
What is the units digit of 1844?
4
What is the tens digit of 281?
8
What is the units digit of 2081?
1
What is the tens digit of 786?
8
What is the tens digit of 1438?
3
What is the ten thousands digit of 13444?
1
What is the hundreds digit of 2134?
1
What is the hundreds digit of 6511?
5
What is the thousands digit of 8632?
8
What is the ten thousands digit of 62417?
6
What is the hundreds digit of 50747?
7
What is the thousands digit of 78024?
8
What is the hundreds digit of 2906?
9
What is the units digit of 1238?
8
What is the units digit of 285?
5
What is the tens digit of 21451?
5
What is the units digit of 4596?
6
What is the ten thousands digit of 10691?
1
What is the units digit of 2348?
8
What is the units digit of 700?
0
What is the ten thousands digit of 15673?
1
What is the units digit of 1617?
7
What is the hundreds digit of 532?
5
What is the units digit of 469?
9
What is the thousands digit of 72136?
2
What is the units digit of 1281?
1
What is the units digit of 68848?
8
What is the units digit of 1510?
0
What is the units digit of 8649?
9
What is the hundreds digit of 2044?
0
What is the tens digit of 11713?
1
What is the hundreds digit of 1066?
0
What is the tens digit of 1869?
6
What is the hundreds digit of 7939?
9
What is the thousands digit of 16784?
6
What is the thousands digit of 26504?
6
What is the tens digit of 2034?
3
What is the ten thousands digit of 30690?
3
What is the units digit of 30666?
6
What is the hundreds digit of 2734?
7
What is the units digit of 7177?
7
What is the units digit of 5296?
6
What is the thousands digit of 1044?
1
What is the hundreds digit of 3905?
9
What is the ten thousands digit of 19516?
1
What is the units digit of 144?
4
What is the hundreds digit of 5182?
1
What is the hundreds digit of 1742?
7
What is the tens digit of 4390?
9
What is the ten thousands digit of 10470?
1
What is the units digit of 49696?
6
What is the hundreds digit of 442?
4
What is the thousands digit of 2587?
2
What is the units digit of 1821?
1
What is the hundreds digit of 848?
8
What is the hundreds digit of 5166?
1
What is the thousands digit of 4414?
4
What is the hundreds digit of 82884?
8
What is the hundreds digit of 14474?
4
What is the units digit of 796?
6
What is the units digit of 609?
9
What is the tens digit of 816?
1
What is the ten thousands digit of 24851?
2
What is the hundreds digit of 3440?
4
What is the units digit of 522?
2
What is the hundreds digit of 2723?
7
What is the units digit of 12078?
8
What is the thousands digit of 2962?
2
What is the hundreds digit of 3468?
4
What is the hundreds digit of 7570?
5
What is the hundreds digit of 3578?
5
What is the units digit of 1981?
1
What is the ten thousands digit of 18200?
1
What is the units digit of 32651?
1
What is the thousands digit of 11215?
1
What is the hundreds digit of 8167?
1
What is the tens digit of 1690?
9
What is the tens digit of 3476?
7
What is the units digit of 649?
9
What is the thousands digit of 25676?
5
What is the thousands digit of 3179?
3
What is the tens digit of 16788?
8
What is the hundreds digit of 3600?
6
What is the units digit of 58475?
5
What is the units digit of 1926?
6
What is the hundreds digit of 3374?
3
What is the tens digit of 69?
6
What is the units digit of 5712?
2
What is the hundreds digit of 546?
5
What is the ten thousands digit of 13083?
1
What is the thousands digit of 1191?
1
What is the hundreds digit of 6664?
6
What is the tens digit of 7051?
5
What is the thousands digit of 3930?
3
What is the thousands digit of 1475?
1
What is the hundreds digit of 34970?
9
What is the hundreds digit of 801?
8
What is the tens digit of 8905?
0
What is the hundreds digit of 928?
9
What is the tens digit of 10794?
9
What is the hundreds digit of 995?
9
What is the thousands digit of 2201?
2
What is the hundreds digit of 71040?
0
What is the units digit of 34980?
0
What is the units digit of 36?
6
What is the units digit of 133372?
2
What is the ten thousands digit of 31552?
3
What is the hundreds digit of 861?
8
What is the thousands digit of 35256?
5
What is the ten thousands digit of 55664?
5
What is the hundreds digit of 608?
6
What is the thousands digit of 79867?
9
What is the units digit of 79?
9
What is the hundreds digit of 3868?
8
What is the thousands digit of 29827?
9
What is the tens digit of 441?
4
What is the tens digit of 17703?
0
What is the units digit of 4118?
8
What is the hundreds digit of 559?
5
What is the units digit of 8474?
4
What is the tens digit of 689?
8
What is the hundreds digit of 4897?
8
What is the hundreds digit of 3116?
1
What is the hundreds digit of 36139?
1
What is the units digit of 9482?
2
What is the units digit of 14732?
2
What is the tens digit of 4525?
2
What is the thousands digit of 24361?
4
What is the units digit of 27747?
7
What is the units digit of 7188?
8
What is the thousands digit of 10210?
0
What is the tens digit of 4155?
5
What is the hundreds digit of 1713?
7
What is the ten thousands digit of 17777?
1
What is the hundreds digit of 53715?
7
What is the hundreds digit of 425?
4
What is the ten thousands digit of 104056?
0
What is the tens digit of 2530?
3
What is the tens digit of 399?
9
What is the ten thousands digit of 20037?
2
What is the units digit of 11292?
2
What is the ten thousands digit of 68983?
6
What is the units digit of 2653?
3
What is the units digit of 4230?
0
What is the hundreds digit of 901?
9
What is the units digit of 3264?
4
What is the units digit of 13798?
8
What is the tens digit of 5174?
7
What is the tens digit of 1044?
4
What is the tens digit of 24787?
8
What is the ten thousands digit of 62994?
6
What is the thousands digit of 3101?
3
What is the tens digit of 27511?
1
What is the units digit of 1294?
4
What is the ten thousands digit of 53063?
5
What is the hundreds digit of 63296?
2
What is the tens digit of 2873?
7
What is the ten thousands digit of 122145?
2
What is the thousands digit of 1329?
1
What is the units digit of 37623?
3
What is the hundreds digit of 15804?
8
What is the units digit of 230?
0
What is the tens digit of 9329?
2
What is the hundreds digit of 3096?
0
What is the tens digit of 73542?
4
What is the units digit of 4396?
6
What is the thousands digit of 6085?
6
What is the tens digit of 62963?
6
What is the units digit of 38043?
3
What is the tens digit of 69656?
5
What is the hundreds digit of 10879?
8
What is the thousands digit of 88085?
8
What is the units digit of 1235?
5
What is the thousands digit of 13506?
3
What is the tens digit of 3747?
4
What is the hundreds digit of 909?
9
What is the units digit of 3090?
0
What is the thousands digit of 55219?
5
What is the thousands digit of 59229?
9
What is the tens digit of 6003?
0
What is the ten thousands digit of 108850?
0
What is the units digit of 24526?
6
What is t